{"id":1,"date":"2019-09-09T11:23:16","date_gmt":"2019-09-09T11:23:16","guid":{"rendered":"https:\/\/eccam.clicetcom.fr\/?p=1"},"modified":"2022-05-13T07:46:40","modified_gmt":"2022-05-13T07:46:40","slug":"getting-started","status":"publish","type":"page","link":"https:\/\/eccam.clicetcom.fr\/","title":{"rendered":"Accueil"},"content":{"rendered":"<h1>Auto-Ecole <span class=\"uk-text-secondary\">ECCAM<\/span><\/h1>\n<h1>Permis Voitures &#8211; Motos &#8211; Remorques<\/h1>\n<div>\n<p>        <img decoding=\"async\" src=\"\/wp-content\/uploads\/2022\/05\/formation-1-1.png\" alt=\"\"><\/p>\n<h2>Formations<\/h2>\n<div>\n<p>Nos diff\u00e9rentes formations pour vous accompagner \u00e0 bien dans vos objectifs.<\/p>\n<\/div>\n<p><a href=\"\/index.php?page_id=6\">Voir les formations<\/a><\/p>\n<\/div>\n<ul>\n<li>\n<p>        <img decoding=\"async\" src=\"\/wp-content\/uploads\/2022\/05\/liste-de-choses-a-faire.png\" alt=\"\"><\/p>\n<h3>Suivi personnalis\u00e9<\/h3>\n<div>\n<p>Nous vous apportons un suivie personnalis\u00e9 avec une analyse de votre profil pour savoir quelle formation est la meilleur pour votre situation.<\/p>\n<\/div>\n<\/li>\n<li>\n<p>        <img decoding=\"async\" src=\"\/wp-content\/uploads\/2022\/05\/vivre.png\" alt=\"\"><\/p>\n<h3>Exp\u00e9rience<\/h3>\n<div>\n<p>Toute notre \u00e9quipe est qualifi\u00e9 afin de vous accompagner dans les meilleurs conditions.<\/p>\n<\/div>\n<\/li>\n<li>\n<p>        <img decoding=\"async\" src=\"\/wp-content\/uploads\/2022\/05\/la-flexibilite.png\" alt=\"\"><\/p>\n<h3>Flexibilit\u00e9<\/h3>\n<div>\n<p>Un large choix de formation est \u00e0 votre disposition afin que vous trouvez votre bonheur.<\/p>\n<\/div>\n<\/li>\n<\/ul>\n<h1>Des forfaits adapt\u00e9s<\/h1>\n<div>\n<\/div>\n<ul>\n<li>\n<p>        <img decoding=\"async\" src=\"\/wp-content\/uploads\/2022\/05\/conduite-accompagnee.png\" alt=\"\"><\/p>\n<h3>ACC ( Apprentissage anticip\u00e9 de la conduite )<\/h3>\n<\/li>\n<li>\n<p>        <img decoding=\"async\" src=\"\/wp-content\/uploads\/2022\/05\/conduite-accompagnee.png\" alt=\"\"><\/p>\n<h3>Conduite supervis\u00e9e<\/h3>\n<\/li>\n<li>\n<p>        <img decoding=\"async\" src=\"\/wp-content\/uploads\/2022\/05\/permis-de-conduire.png\" alt=\"\"><\/p>\n<h3>Permis B<\/h3>\n<\/li>\n<li>\n<p>        <img decoding=\"async\" src=\"\/wp-content\/uploads\/2022\/05\/moto.png\" alt=\"\"><\/p>\n<h3>Permis A1 \/\/ 125<\/h3>\n<\/li>\n<li>\n<p>        <img decoding=\"async\" src=\"\/wp-content\/uploads\/2022\/05\/moto-2.png\" alt=\"\"><\/p>\n<h3>Permis A2<\/h3>\n<\/li>\n<li>\n<p>        <img decoding=\"async\" src=\"\/wp-content\/uploads\/2022\/05\/moto-1.png\" alt=\"\"><\/p>\n<h3>Permis A<\/h3>\n<\/li>\n<li>\n<p>        <img decoding=\"async\" src=\"\/wp-content\/uploads\/2022\/05\/moto.png\" alt=\"\"><\/p>\n<h3>Attestation 125<\/h3>\n<\/li>\n<li>\n<p>        <img decoding=\"async\" src=\"\/wp-content\/uploads\/2022\/05\/bande-annonce.png\" alt=\"\"><\/p>\n<h3>Permis BE<\/h3>\n<\/li>\n<li>\n<p>        <img decoding=\"async\" src=\"\/wp-content\/uploads\/2022\/05\/warning.png\" alt=\"\"><\/p>\n<h3>CODE (commun AAC \u2013 B \u2013 BE)<\/h3>\n<\/li>\n<li>\n<p>        <img decoding=\"async\" src=\"\/wp-content\/uploads\/2022\/05\/warning.png\" alt=\"\"><\/p>\n<h3>CODE MOTO (ETM)<\/h3>\n<\/li>\n<\/ul>\n<hr>\n<div>\n<h2>Une \u00e9quipe \u00e0 votre <span class=\"uk-text-primary\"> \u00e9coute<\/span>.<\/h2>\n<div>\n<p>L&rsquo;\u00e9quipe est constitu\u00e9 de moniteurs qualifi\u00e9s qui seront l\u00e0 pour vous accompagner tout au long de votre formation. Nous trouverons la formation la plus adapt\u00e9 \u00e0 vos besoin car notre priorit\u00e9 est votre r\u00e9ussite.<\/p>\n<\/div>\n<p><a href=\"\/index.php?page_id=4\">En savoir d&rsquo;avantage sur nous !<\/a><\/p>\n<\/div>\n<p><img decoding=\"async\" src=\"\/wp-content\/uploads\/2022\/05\/bas-peperzak-tyhpK_QelPo-unsplash-scaled.jpg\" alt=\"\"><\/p>\n<p><!--more--><br \/>\n<!-- {\"name\":\"Home\",\"type\":\"layout\",\"children\":[{\"name\":\"Hero\",\"type\":\"section\",\"props\":{\"style\":\"default\",\"width\":\"large\",\"vertical_align\":\"middle\",\"title_position\":\"top-left\",\"title_rotation\":\"left\",\"title_breakpoint\":\"xl\",\"image_position\":\"center-center\",\"animation\":\"fade\",\"image\":\"wp-content\\\/uploads\\\/2022\\\/05\\\/bas-peperzak-tyhpK_QelPo-unsplash-scaled.jpg\",\"height\":\"expand\"},\"children\":[{\"name\":\"\",\"type\":\"row\",\"children\":[{\"name\":\"\",\"type\":\"column\",\"props\":{\"image_position\":\"center-center\",\"media_overlay_gradient\":\"\",\"width_medium\":\"1-1\",\"position_sticky_breakpoint\":\"m\"},\"children\":[{\"name\":\"\",\"type\":\"headline\",\"props\":{\"title_element\":\"h1\",\"content\":\"Auto-Ecole <span class=\\\"uk-text-secondary\\\">ECCAM<\\\/span>\",\"title_style\":\"h1\",\"text_align\":\"center\",\"maxwidth\":\"2xlarge\",\"block_align\":\"center\",\"margin_remove_bottom\":true,\"css\":\".el-title {\\n    text-shadow: 0 0 10px black;\\n}\"}},{\"type\":\"headline\",\"props\":{\"title_element\":\"h1\",\"content\":\"Permis Voitures - Motos - Remorques\",\"title_style\":\"h3\",\"text_align\":\"center\",\"margin_remove_bottom\":false,\"margin_remove_top\":true,\"animation\":\"parallax\",\"css\":\".el-element {\\n    color: white;\\n    text-shadow: 1px 1px 1px black;\\n}\"}}]}]},{\"name\":\"\",\"type\":\"row\",\"props\":{\"layout\":\"1-2,1-2\",\"margin\":\"large\",\"column_gap\":\"large\",\"row_gap\":\"large\",\"margin_remove_bottom\":false,\"margin_remove_top\":false,\"match\":true},\"children\":[{\"name\":\"\",\"type\":\"column\",\"props\":{\"image_position\":\"center-center\",\"media_overlay_gradient\":\"\",\"width_small\":\"1-2\",\"position_sticky_breakpoint\":\"m\",\"vertical_align\":\"middle\"},\"children\":[{\"name\":\"\",\"type\":\"panel\",\"props\":{\"link_text\":\"Voir les formations\",\"title_element\":\"h2\",\"meta_style\":\"meta\",\"meta_align\":\"below-title\",\"image_align\":\"between\",\"image_grid_width\":\"1-2\",\"link_style\":\"primary\",\"margin\":\"default\",\"title\":\"Formations\",\"content\":\"\n\n<p>Nos diff\\u00e9rentes formations pour vous accompagner \\u00e0 bien dans vos objectifs.<\\\/p>\",\"link\":\"index.php?page_id=6\",\"image\":\"wp-content\\\/uploads\\\/2022\\\/05\\\/formation-1-1.png\",\"text_align\":\"center\",\"maxwidth\":\"large\",\"title_style\":\"h1\",\"image_svg_inline\":true,\"image_svg_color\":\"emphasis\",\"title_align\":\"top\",\"title_grid_width\":\"1-2\",\"block_align\":\"center\",\"title_grid_breakpoint\":\"m\",\"image_grid_breakpoint\":\"m\",\"icon_width\":80,\"title_hover_style\":\"reset\",\"meta_element\":\"div\",\"content_column_breakpoint\":\"m\",\"class\":\"\",\"css\":\".el-element {\\n    background: white;\\n    box-shadow: 5px 5px 10px #2A2222;\\n    transition: transform .1s;\\n}\\n\\n.el-element:hover {\\n    transform: scale(1.01);\\n    box-shadow: 10px 10px 20px #2A2222;\\n}\\n\\n.el-title {\\n    background: #880D18;\\n    color: white;\\n    padding: 20px;\\n}\\n\\n.el-content {\\n    margin-left: 20px;\\n    margin-right: 20px;\\n}\\n\\n.el-link {\\n    margin-bottom: 20px;\\n    background: #2A2222;\\n}\\n\\n.el-link:hover {\\n    background: #880D18;\\n}\",\"panel_style\":\"card-default\",\"panel_padding\":\"\",\"image_width\":\"250\",\"link_fullwidth\":false,\"animation\":\"slide-left-small\"}}]},{\"name\":\"\",\"type\":\"column\",\"props\":{\"image_position\":\"center-center\",\"media_overlay_gradient\":\"\",\"width_small\":\"1-2\",\"position_sticky_breakpoint\":\"m\",\"vertical_align\":\"middle\"},\"children\":[{\"type\":\"circleprogress\",\"props\":{\"show_title\":true,\"show_meta\":true,\"show_link\":true,\"title_style\":\"bold\",\"meta_style\":\"\",\"title_color\":\"\",\"meta_color\":\"muted\",\"meta_margin\":\"remove\",\"title_margin\":\"remove\",\"grid_default\":\"1\",\"grid_column_align\":false,\"grid_row_align\":true,\"bar_color\":\"#C80F04\",\"bar_value_stroke\":\"6\",\"bar_circle_color\":\"#ddd\",\"bar_circle_stroke\":\"9\",\"duration\":\"1000\",\"clockwise\":\"true\",\"start_angle\":\"\",\"repeat_animation\":false,\"constrain\":\"false\",\"stroke_linecap\":\"round\",\"bar_text_color\":\"#FFFFFF\",\"bar_text_size\":\"16\",\"bar_font_weight\":\"400\",\"bar_style\":\"percent\",\"bar_align\":\"top\",\"text_align\":\"center\",\"bar_vertical_align\":true,\"bar_width\":\"120\",\"bar_height\":\"120\",\"animation_style\":\"linear\",\"da_dashes\":\"4\",\"da_gaps\":\"1\",\"css\":\".el-title {\\n    color: white;\\n    text-shadow: 1px 1px 1px black;\\n}\\n\\n.el-item {\\n    text-shadow: 1px 1px 1px black;\\n}\"},\"children\":[{\"type\":\"circleprogress_item\",\"props\":{\"value\":78,\"max\":100,\"title\":\"De r\\u00e9ussite aux formations\",\"meta\":\"\",\"bar_style_item\":\"\",\"animation_style_item\":\"\",\"clockwise_item\":\"\"}}]},{\"type\":\"circleprogress\",\"props\":{\"show_title\":true,\"show_meta\":true,\"show_link\":true,\"title_style\":\"bold\",\"meta_style\":\"\",\"title_color\":\"\",\"meta_color\":\"muted\",\"meta_margin\":\"remove\",\"title_margin\":\"remove\",\"grid_default\":\"2\",\"grid_column_align\":false,\"grid_row_align\":true,\"bar_color\":\"#8f0808\",\"bar_value_stroke\":\"6\",\"bar_circle_color\":\"#ddd\",\"bar_circle_stroke\":\"9\",\"duration\":\"1000\",\"clockwise\":\"true\",\"start_angle\":\"\",\"repeat_animation\":false,\"constrain\":\"false\",\"stroke_linecap\":\"round\",\"bar_text_color\":\"#FFFFFF\",\"bar_text_size\":\"16\",\"bar_font_weight\":\"400\",\"bar_style\":\"percent\",\"bar_align\":\"top\",\"text_align\":\"center\",\"bar_vertical_align\":true,\"bar_width\":\"120\",\"bar_height\":\"120\",\"animation_style\":\"linear\",\"da_dashes\":\"4\",\"da_gaps\":\"1\",\"css\":\".el-title {\\n    color: white;\\n    text-shadow: 1px 1px 1px black;\\n}\\n\\n.el-item {\\n    text-shadow: 1px 1px 1px black;\\n}\"},\"children\":[{\"type\":\"circleprogress_item\",\"props\":{\"value\":5,\"max\":5,\"title\":\"Formateurs\",\"meta\":\"\",\"bar_style_item\":\"value\",\"animation_style_item\":\"\",\"clockwise_item\":\"\"}},{\"type\":\"circleprogress_item\",\"props\":{\"value\":10,\"max\":10,\"title\":\"Formations\",\"meta\":\"\",\"bar_style_item\":\"value\",\"animation_style_item\":\"\",\"clockwise_item\":\"\"}}]},{\"type\":\"circleprogress\",\"props\":{\"show_title\":true,\"show_meta\":true,\"show_link\":true,\"title_style\":\"bold\",\"meta_style\":\"\",\"title_color\":\"\",\"meta_color\":\"muted\",\"meta_margin\":\"remove\",\"title_margin\":\"remove\",\"grid_default\":\"1\",\"grid_column_align\":false,\"grid_row_align\":true,\"bar_color\":\"#67050E\",\"bar_value_stroke\":\"6\",\"bar_circle_color\":\"#ddd\",\"bar_circle_stroke\":\"9\",\"duration\":\"1000\",\"clockwise\":\"true\",\"start_angle\":\"\",\"repeat_animation\":false,\"constrain\":\"false\",\"stroke_linecap\":\"round\",\"bar_text_color\":\"#FFFFFF\",\"bar_text_size\":\"16\",\"bar_font_weight\":\"400\",\"bar_style\":\"percent\",\"bar_align\":\"top\",\"text_align\":\"center\",\"bar_vertical_align\":true,\"bar_width\":\"120\",\"bar_height\":\"120\",\"animation_style\":\"linear\",\"da_dashes\":\"4\",\"da_gaps\":\"1\",\"css\":\".el-title {\\n    color: white;\\n    text-shadow: 1px 1px 1px black;\\n}\\n\\n.el-item {\\n    text-shadow: 1px 1px 1px black;\\n}\"},\"children\":[{\"type\":\"circleprogress_item\",\"props\":{\"value\":1000,\"max\":1000,\"title\":\"Validations de permis\",\"meta\":\"\",\"bar_style_item\":\"value\",\"animation_style_item\":\"\",\"clockwise_item\":\"\"}}]}]}]}]},{\"type\":\"section\",\"props\":{\"style\":\"default\",\"width\":\"default\",\"vertical_align\":\"middle\",\"title_position\":\"top-left\",\"title_rotation\":\"left\",\"title_breakpoint\":\"xl\",\"image_position\":\"center-center\"},\"children\":[{\"type\":\"row\",\"children\":[{\"type\":\"column\",\"props\":{\"position_sticky_breakpoint\":\"m\",\"image_position\":\"center-center\",\"media_overlay_gradient\":\"\"},\"children\":[{\"type\":\"grid\",\"props\":{\"show_title\":true,\"show_meta\":true,\"show_content\":true,\"show_image\":true,\"show_link\":true,\"grid_default\":\"1\",\"grid_medium\":\"3\",\"filter_style\":\"tab\",\"filter_all\":true,\"filter_position\":\"top\",\"filter_align\":\"left\",\"filter_grid_width\":\"auto\",\"filter_grid_breakpoint\":\"m\",\"title_hover_style\":\"reset\",\"title_element\":\"h3\",\"title_align\":\"top\",\"title_grid_width\":\"1-2\",\"title_grid_breakpoint\":\"m\",\"meta_style\":\"meta\",\"meta_align\":\"below-title\",\"meta_element\":\"div\",\"content_column_breakpoint\":\"m\",\"icon_width\":80,\"image_align\":\"top\",\"image_grid_width\":\"1-2\",\"image_grid_breakpoint\":\"m\",\"image_svg_color\":\"emphasis\",\"link_text\":\"Read more\",\"link_style\":\"default\",\"margin\":\"default\",\"item_animation\":true,\"text_align\":\"center\",\"title_decoration\":\"divider\",\"image_link\":false,\"image_width\":\"150\",\"css\":\".el-image {\\n    border-radius: 50%;\\n    border: 5px solid #c80f04;\\n}\"},\"children\":[{\"type\":\"grid_item\",\"props\":{\"title\":\"Suivi personnalis\\u00e9\",\"image\":\"wp-content\\\/uploads\\\/2022\\\/05\\\/liste-de-choses-a-faire.png\",\"image_alt\":\"\",\"link\":\"\",\"meta\":\"\",\"content\":\"\n\n<p>Nous vous apportons un suivie personnalis\\u00e9 avec une analyse de votre profil pour savoir quelle formation est la meilleur pour votre situation.<\\\/p>\"}},{\"type\":\"grid_item\",\"props\":{\"title\":\"Exp\\u00e9rience\",\"image\":\"wp-content\\\/uploads\\\/2022\\\/05\\\/vivre.png\",\"image_alt\":\"\",\"link\":\"\",\"meta\":\"\",\"content\":\"\n\n<p>Toute notre \\u00e9quipe est qualifi\\u00e9 afin de vous accompagner dans les meilleurs conditions.<\\\/p>\"}},{\"type\":\"grid_item\",\"props\":{\"title\":\"Flexibilit\\u00e9\",\"image\":\"wp-content\\\/uploads\\\/2022\\\/05\\\/la-flexibilite.png\",\"image_alt\":\"\",\"link\":\"\",\"meta\":\"\",\"content\":\"\n\n<p>Un large choix de formation est \\u00e0 votre disposition afin que vous trouvez votre bonheur.<\\\/p>\"}}]}]}]}]},{\"type\":\"section\",\"props\":{\"style\":\"default\",\"width\":\"large\",\"vertical_align\":\"middle\",\"title_position\":\"top-left\",\"title_rotation\":\"left\",\"title_breakpoint\":\"xl\",\"image_position\":\"center-center\",\"preserve_color\":true,\"css\":\".el-section {\\n    background: linear-gradient(#880D18, white);\\n}\",\"padding\":\"small\"},\"children\":[{\"type\":\"row\",\"children\":[{\"type\":\"column\",\"props\":{\"position_sticky_breakpoint\":\"m\",\"image_position\":\"center-center\",\"media_overlay_gradient\":\"\"},\"children\":[{\"type\":\"headline\",\"props\":{\"title_element\":\"h1\",\"content\":\"Des forfaits adapt\\u00e9s\",\"text_align\":\"center\",\"css\":\".el-element {\\n    color: white;\\n    text-shadow: 1px 1px 1px black;\\n}\",\"title_decoration\":\"line\"}},{\"type\":\"grid\",\"props\":{\"show_title\":true,\"show_meta\":true,\"show_content\":true,\"show_image\":true,\"show_link\":true,\"grid_default\":\"1\",\"grid_medium\":\"4\",\"filter_style\":\"tab\",\"filter_all\":true,\"filter_position\":\"top\",\"filter_align\":\"left\",\"filter_grid_width\":\"auto\",\"filter_grid_breakpoint\":\"m\",\"title_hover_style\":\"reset\",\"title_element\":\"h3\",\"title_align\":\"top\",\"title_grid_width\":\"1-2\",\"title_grid_breakpoint\":\"m\",\"meta_style\":\"meta\",\"meta_align\":\"below-title\",\"meta_element\":\"div\",\"content_column_breakpoint\":\"m\",\"icon_width\":80,\"image_align\":\"top\",\"image_grid_width\":\"1-2\",\"image_grid_breakpoint\":\"m\",\"image_svg_color\":\"emphasis\",\"link_text\":\"\",\"link_style\":\"default\",\"margin\":\"default\",\"item_animation\":true,\"image_link\":true,\"panel_style\":\"card-default\",\"panel_padding\":\"default\",\"text_align\":\"center\",\"title_color\":\"secondary\",\"margin_remove_bottom\":false,\"margin_remove_top\":false,\"panel_image_no_padding\":true,\"css\":\".el-item {\\n    border-radius: 30px;\\n    box-shadow: 1px 1px 10px black;\\n    transition: transform .1s;\\n}\\n\\n.el-item:hover {\\n    transform: scale(1.01);\\n    box-shadow: 2px 2px 20px #2A2222;\\n} \\n\\n.el-image {\\n    border-top-right-radius: 30px;\\n}\",\"image_height\":\"250\",\"image_width\":\"450\",\"grid_small\":\"2\"},\"children\":[{\"type\":\"grid_item\",\"source\":{\"query\":{\"name\":\"passerelleFormations.customPasserelleFormations\",\"arguments\":{\"id\":0,\"offset\":0,\"limit\":10,\"order\":\"term_order\",\"order_direction\":\"ASC\"}},\"props\":{\"image\":{\"filters\":{\"search\":\"\"},\"name\":\"field.photo.url\"},\"link\":{\"filters\":{\"search\":\"\"},\"name\":\"link\"},\"title\":{\"filters\":{\"search\":\"\"},\"name\":\"name\"}}}}]}]}]},{\"type\":\"row\",\"children\":[{\"type\":\"column\",\"props\":{\"position_sticky_breakpoint\":\"m\",\"image_position\":\"center-center\",\"media_overlay_gradient\":\"\"},\"children\":[{\"type\":\"panel-slider\",\"props\":{\"show_title\":true,\"show_meta\":false,\"show_content\":false,\"show_image\":true,\"show_link\":true,\"slider_width\":\"fixed\",\"slider_width_default\":\"1-1\",\"slider_width_medium\":\"1-3\",\"slider_gap\":\"default\",\"slider_autoplay_pause\":true,\"nav\":\"\",\"nav_align\":\"center\",\"nav_breakpoint\":\"s\",\"slidenav\":\"\",\"slidenav_margin\":\"medium\",\"slidenav_breakpoint\":\"xl\",\"slidenav_outside_breakpoint\":\"xl\",\"panel_card_match\":true,\"title_hover_style\":\"reset\",\"title_element\":\"h3\",\"title_align\":\"top\",\"title_grid_width\":\"1-2\",\"title_grid_breakpoint\":\"m\",\"meta_style\":\"meta\",\"meta_align\":\"below-title\",\"meta_element\":\"div\",\"content_column_breakpoint\":\"m\",\"icon_width\":\"40\",\"image_align\":\"top\",\"image_grid_width\":\"1-2\",\"image_grid_breakpoint\":\"m\",\"image_svg_color\":\"emphasis\",\"link_text\":\"Read more\",\"link_style\":\"default\",\"margin\":\"default\",\"text_align\":\"center\",\"slider_sets\":false,\"slider_autoplay\":true,\"slider_autoplay_interval\":\"2\",\"slider_center\":true,\"image_width\":\"100\",\"css\":\".el-title {\\n    color: white;\\n    text-shadow: 1px 1px 1px black;\\n}\"},\"children\":[{\"type\":\"panel-slider_item\",\"props\":{\"image\":\"wp-content\\\/uploads\\\/2022\\\/05\\\/conduite-accompagnee.png\",\"title\":\"ACC ( Apprentissage anticip\\u00e9 de la conduite )\"}},{\"type\":\"panel-slider_item\",\"props\":{\"image\":\"wp-content\\\/uploads\\\/2022\\\/05\\\/conduite-accompagnee.png\",\"title\":\"Conduite supervis\\u00e9e\"}},{\"type\":\"panel-slider_item\",\"props\":{\"image\":\"wp-content\\\/uploads\\\/2022\\\/05\\\/permis-de-conduire.png\",\"title\":\"Permis B\"}},{\"type\":\"panel-slider_item\",\"props\":{\"image\":\"wp-content\\\/uploads\\\/2022\\\/05\\\/moto.png\",\"title\":\"Permis A1 \\\/\\\/ 125\"}},{\"type\":\"panel-slider_item\",\"props\":{\"image\":\"wp-content\\\/uploads\\\/2022\\\/05\\\/moto-2.png\",\"title\":\"Permis A2\"}},{\"type\":\"panel-slider_item\",\"props\":{\"image\":\"wp-content\\\/uploads\\\/2022\\\/05\\\/moto-1.png\",\"title\":\"Permis A\"}},{\"type\":\"panel-slider_item\",\"props\":{\"image\":\"wp-content\\\/uploads\\\/2022\\\/05\\\/moto.png\",\"title\":\"Attestation 125\"}},{\"type\":\"panel-slider_item\",\"props\":{\"image\":\"wp-content\\\/uploads\\\/2022\\\/05\\\/bande-annonce.png\",\"title\":\"Permis BE\"}},{\"type\":\"panel-slider_item\",\"props\":{\"image\":\"wp-content\\\/uploads\\\/2022\\\/05\\\/warning.png\",\"title\":\"CODE (commun AAC \\u2013 B \\u2013 BE)\"}},{\"type\":\"panel-slider_item\",\"props\":{\"image\":\"wp-content\\\/uploads\\\/2022\\\/05\\\/warning.png\",\"title\":\"CODE MOTO (ETM)\"}}],\"name\":\"Panel Slider Formations\"},{\"type\":\"divider\",\"props\":{\"divider_element\":\"hr\"}}]}]}],\"name\":\"Formations\"},{\"name\":\"A propos\",\"type\":\"section\",\"props\":{\"style\":\"default\",\"width\":\"large\",\"vertical_align\":\"middle\",\"title_position\":\"top-left\",\"title_rotation\":\"left\",\"title_breakpoint\":\"xl\",\"image_position\":\"bottom-center\",\"image\":\"\",\"image_size\":\"cover\",\"padding\":\"large\",\"animation\":\"fade\",\"animation_delay\":\"200\",\"padding_remove_top\":false},\"children\":[{\"name\":\"\",\"type\":\"row\",\"props\":{\"layout\":\"1-2,1-2\",\"vertical_align\":true,\"margin_remove_top\":false},\"children\":[{\"name\":\"\",\"type\":\"column\",\"props\":{\"image_position\":\"center-center\",\"vertical_align\":\"middle\",\"media_overlay_gradient\":\"\",\"width_medium\":\"1-2\",\"position_sticky_breakpoint\":\"m\"},\"children\":[{\"name\":\"\",\"type\":\"panel\",\"props\":{\"link_text\":\"En savoir d'avantage sur nous !\",\"title_element\":\"h2\",\"meta_style\":\"meta\",\"meta_align\":\"below-title\",\"image_align\":\"top\",\"image_grid_width\":\"1-2\",\"link_style\":\"default\",\"margin\":\"\",\"title\":\"Une \\u00e9quipe \\u00e0 votre <span class=\\\"uk-text-primary\\\"> \\u00e9coute<\\\/span>.\",\"content\":\"\n\n<p>L'\\u00e9quipe est constitu\\u00e9 de moniteurs qualifi\\u00e9s qui seront l\\u00e0 pour vous accompagner tout au long de votre formation. Nous trouverons la formation la plus adapt\\u00e9 \\u00e0 vos besoin car notre priorit\\u00e9 est votre r\\u00e9ussite.<\\\/p>\",\"link\":\"index.php?page_id=4\",\"title_style\":\"h1\",\"text_align_breakpoint\":\"s\",\"text_align_fallback\":\"center\",\"maxwidth_breakpoint\":\"s\",\"animation\":\"fade\",\"title_align\":\"top\",\"title_grid_width\":\"1-2\",\"image_svg_color\":\"emphasis\",\"link_margin\":\"medium\",\"title_grid_breakpoint\":\"m\",\"image_grid_breakpoint\":\"m\",\"icon_width\":80,\"title_hover_style\":\"reset\",\"meta_element\":\"div\",\"content_column_breakpoint\":\"m\",\"css\":\".el-link {\\n    background: #880D18;\\n    color: white;\\n}\\n\\n.el-link:hover {\\n    background: #2A2222;\\n}\",\"text_align\":\"center\"}}]},{\"name\":\"\",\"type\":\"column\",\"props\":{\"image_position\":\"center-center\",\"vertical_align\":\"middle\",\"media_overlay_gradient\":\"\",\"width_medium\":\"1-2\",\"position_sticky_breakpoint\":\"m\"},\"children\":[{\"type\":\"image\",\"props\":{\"margin\":\"default\",\"image_svg_color\":\"emphasis\",\"image\":\"wp-content\\\/uploads\\\/2022\\\/05\\\/bas-peperzak-tyhpK_QelPo-unsplash-scaled.jpg\"}}]}]}]}],\"version\":\"2.7.21\"} --><\/p>\n","protected":false},"excerpt":{"rendered":"<p>Auto-Ecole ECCAM Permis Voitures &#8211; Motos &#8211; Remorques Formations Nos diff\u00e9rentes formations pour vous accompagner \u00e0 bien dans vos objectifs. Voir les formations Suivi personnalis\u00e9 Nous vous apportons un suivie personnalis\u00e9 avec une analyse de votre profil pour savoir quelle formation est la meilleur pour votre situation. Exp\u00e9rience Toute notre \u00e9quipe est qualifi\u00e9 afin de [&hellip;]<\/p>\n","protected":false},"author":1,"featured_media":0,"parent":0,"menu_order":1,"comment_status":"open","ping_status":"open","template":"","meta":{"footnotes":""},"class_list":["post-1","page","type-page","status-publish","hentry"],"acf":[],"_links":{"self":[{"href":"https:\/\/eccam.clicetcom.fr\/index.php?rest_route=\/wp\/v2\/pages\/1","targetHints":{"allow":["GET"]}}],"collection":[{"href":"https:\/\/eccam.clicetcom.fr\/index.php?rest_route=\/wp\/v2\/pages"}],"about":[{"href":"https:\/\/eccam.clicetcom.fr\/index.php?rest_route=\/wp\/v2\/types\/page"}],"author":[{"embeddable":true,"href":"https:\/\/eccam.clicetcom.fr\/index.php?rest_route=\/wp\/v2\/users\/1"}],"replies":[{"embeddable":true,"href":"https:\/\/eccam.clicetcom.fr\/index.php?rest_route=%2Fwp%2Fv2%2Fcomments&post=1"}],"version-history":[{"count":296,"href":"https:\/\/eccam.clicetcom.fr\/index.php?rest_route=\/wp\/v2\/pages\/1\/revisions"}],"predecessor-version":[{"id":1970,"href":"https:\/\/eccam.clicetcom.fr\/index.php?rest_route=\/wp\/v2\/pages\/1\/revisions\/1970"}],"wp:attachment":[{"href":"https:\/\/eccam.clicetcom.fr\/index.php?rest_route=%2Fwp%2Fv2%2Fmedia&parent=1"}],"curies":[{"name":"wp","href":"https:\/\/api.w.org\/{rel}","templated":true}]}}